
101222110000
In base 15, what is -1c6ae70 - -1?
-1c6ae6e
In base 4, what is -23122102 - 1303003?
-31031111
In base 14, what is -62 + 1ca28?
1c9a6
In base 7, what is 66360455 + -114?
66360341
In base 12, what is -14 + 127b28?
127b14
In base 13, what is 42 + 53a4b?
53a90
In base 8, what is 46517771 + 4?
46517775
In base 3, what is 12001012 - -11120?
12012202
In base 4, what is 2011330221 + 1333?
2011332220
In base 14, what is 2bc01 + -30?
2bbb1
In base 11, what is -1282111 - 580?
-1282691
In base 8, what is 3 - -3437551?
3437554
In base 13, what is -5 - 3a6361?
-3a6366
In base 2, what is -1101010000 - -10101001010101?
10011100000101
In base 11, what is 915 - -23024?
23939
In base 6, what is 5424305535 - -1?
5424305540
In base 2, what is 111010101110010 - -10001101?
111010111111111
In base 13, what is -330 + 3675a?
3642a
In base 13, what is -183 - -2731?
257b
In base 8, what is 22 - 2275637?
-2275615
In base 12, what is 10 + 2b7212?
2b7222
In base 7, what is -61151 + -24020?
-115201
In base 2, what is -10101101001111 - 111001001001100?
-1001110110011011
In base 15, what is 9 - -e67b60?
e67b69
In base 3, what is -212 + 1001102002?
1001101020
In base 11, what is 34 - -9844a?
98483
In base 8, what is 4775017 + 413?
4775432
In base 12, what is -5a - 20aa7a?
-20ab18
In base 5, what is 3212 - -1224413?
1233130
In base 15, what is 79888e - -3?
798892
In base 5, what is -3331332224140 + -1?
-3331332224141
In base 6, what is 10541 - 52?
10445
In base 14, what is 3681 + -179b?
1cc4
In base 9, what is -2 - 508375287?
-508375300
In base 11, what is -234aa7 + a5?
-234a02
In base 10, what is 1299 + 49352?
50651
In base 15, what is 2c1e5d - 14?
2c1e49
In base 13, what is -167 - 2976?
-2b10
In base 6, what is -1500205535 + 0?
-1500205535
In base 5, what is 100101 - -122242?
222343
In base 2, what is 100000101111110 - 110010101101?
11010011010001
In base 12, what is 46 + 74bab85?
74bb00b
In base 6, what is -2231300051 - -4?
-2231300043
In base 7, what is -22552 + -23035?
-45620
In base 2, what is -11 + -100111000100010000100?
-100111000100010000111
In base 16, what is -2 - 8a887?
-8a889
In base 3, what is -1112220210220 - 11020?
-1112220222010
In base 13, what is -3108649 + -1?
-310864a
In base 4, what is -12012023 + 113?
-12011310
In base 2, what is 1000001001000100 + -1000001011001?
111000111101011
In base 12, what is 17a488 + -10?
17a478
In base 12, what is 581 + -22314?
-21953
In base 5, what is -20000 - 230?
-20230
In base 8, what is 1072227 + 27?
1072256
In base 15, what is 0 - 29cab82?
-29cab82
In base 14, what is 9 - -46b661c?
46b6627
In base 5, what is -1132021 - -14130?
-1112341
In base 16, what is b90411 - -3?
b90414
In base 13, what is 5416922c + -4?
54169228
In base 5, what is -31240123 + -101101?
-31341224
In base 2, what is -110101100110001010010101111 - -10?
-110101100110001010010101101
In base 16, what is 1758 - -1d348?
1eaa0
In base 13, what is 1674 + 2476?
3b1a
In base 11, what is 7306 + 18943?
25149
In base 11, what is -5 - 14438a2?
-14438a7
In base 14, what is -b26d3 + -23?
-b2716
In base 12, what is 51000aa + 33?
5100121
In base 3, what is 1 + -21101200011102?
-21101200011101
In base 15, what is 58a96c8c - -5?
58a96c92
In base 4, what is -111000123002 + -111?
-111000123113
In base 8, what is 545 + 3515?
4262
In base 12, what is 361 + 8187?
8528
In base 9, what is -25234 - -106?
-25127
In base 13, what is -25 - -7b382?
7b35a
In base 5, what is -3014414432 - -11?
-3014414421
In base 6, what is 1310342315 + -21?
1310342254
In base 3, what is 1012200112111 - -210?
1012200120021
In base 5, what is -2220 - -200301?
143031
In base 2, what is 1001110001011010100001 + 1000000?
1001110001011011100001
In base 16, what is 20aa4cb - -3?
20aa4ce
In base 14, what is 7955b8 + -1?
7955b7
In base 13, what is -2 + 6b9b6b0?
6b9b6ab
In base 7, what is -565340511 + 5?
-565340503
In base 11, what is -12 - 282653a?
-2826551
In base 11, what is -51 - -4aa275a?
4aa2709
In base 7, what is -55533462 - -4?
-55533455
In base 2, what is 111001101010111110100001 + 10?
111001101010111110100011
In base 5, what is 21 + -12323112101?
-12323112030
In base 4, what is 30103222130 - -130?
30103222320
In base 11, what is 7510432 - -3?
7510435
In base 14, what is -3 - -1050a2b?
1050a28
In base 8, what is -4 + -16203075?
-16203101
In base 4, what is -110023221 + 1212?
-110022003
In base 15, what is 5 - -17033aa?
17033b0
In base 15, what is -9d4b - d93?
-abde
In base 7, what is 1 + 3324063654?
3324063655
In base 10, what is -192528081 + -5?
-192528086
In base 10, what is -1 - 156264956?
-156264957
In base 3, what is -1 + 21101220000121012?
21101220000121011
In base 11, what is -3132 + -47a3?
-7925
In base 6, what is -12344 - 32432?
-45220
In base 6, what is 3105553 + -351?
3105202
In base 13, what is -13583 - -12c5?
-1228b
In base 7, what is 2563 + 5455246?
5461142
In base 7, what is -2 - -21205661?
21205656
In base 3, what is 12011000 - -12222?
12100222
In base 11, what is -6a496 - -90?
-6a406
In base 6, what is 114023245 + -25?
114023220
In base 6, what is -12303421323 - -4?
-12303421315
In base 7, what is 0 - 302003134?
-302003134
In base 11, what is -4 + -207125?
-207129
In base 7, what is -32461 + 2025?
-30433
In base 4, what is -10 - -310311323?
310311313
In base 16, what is 1d31a + 22?
1d33c
In base 5, what is -21322201124 + 3?
-21322201121
In base 16, what is -9e86c8 - 2?
-9e86ca
In base 7, what is 26 - 110546631?
-110546602
In base 5, what is -1123303 - 14141?
-1142444
In base 8, what is -15 + 7142006?
7141771
In base 11, what is -5613447 - 11?
-5613458
In base 13, what is -9c51bb + 1c?
-9c519c
In base 9, what is -7 - -767278?
767271
In base 2, what is -100011100011 - 1000001110000?
-1100101010011
In base 15, what is 6 - -5e6a3c?
5e6a43
In base 13, what is 236263 - -3a3?
236636
In base 16, what is -5 - 1e60e0e?
-1e60e13
In base 10, what is 51859793 + 4?
51859797
In base 12, what is -5664503 + -5?
-5664508
In base 11, what is 9 - 1932001?
-1931aa3
In base 2, what is -1100000 + 101001001100101?
101001000000101
In base 13, what is 13cc3 - 34c?
13974
In base 4, what is -2302222303210 + -20?
-2302222303230
In base 9, what is 3 - -47712044?
47712047
In base 4, what is 2 + 1112202321131?
1112202321133
In base 11, what is 10880864 - -1?
10880865
In base 2, what is -111000100 + -11011110111101001110?
-11011111000100010010
In base 16, what is -8b7c2b - -e?
-8b7c1d
In base 9, what is -150438 - -471?
-148857
In base 3, what is -122121020001 - 2011?
-122121022012
In base 11, what is 13828988 + 21?
138289a9
In base 16, what is 2 + 23e742?
23e744
In base 6, what is -1033053514 + -2?
-1033053520
In base 6, what is -1044443054 - 4?
-1044443102
In base 13, what is 2731 - b8b?
1873
In base 12, what is -18b284 - -431?
-18aa53
In base 12, what is -1793 + -3831?
-5404
In base 13, what is -1351b - -2265?
-11286
In base 4, what is -213312303 - -13011?
-213233232
In base 3, what is -12202000 - -212102?
-11212121
In base 6, what is 2210140 + 13?
2210153
In base 7, what is 55010016 - 1?
55010015
In base 2, what is 111101001110100111 + 110100000?
111101010101000111
In base 12, what is 1b271b - -13?
1b2732
In base 6, what is 3412131 - -2?
3412133
In base 13, what is 172c29 + -43?
172bb6
In base 12, what is -351b2b1 - 1?
-351b2b2
In base 12, what is -2 + 1697382?
1697380
In base 9, what is 2861 - -52638?
55610
In base 11, what is 1 - -27766367?
27766368
In base 5, what is -124 - -1040304413?
1040304234
In base 5, what is -1002214043240 - 10?
-1002214043300
In base 10, what is 458178 - -18?
458196
In base 8, what is 7645670 - 110?
7645560
In base 4, what is 11 + 1002021001030?
1002021001101
In base 2, what is -10 - 1001110001011010110010?
-1001110001011010110100
In base 10, what is -671 - 30761?
-31432
In base 3, what is -202021102212 + -112121?
-202021222110
In base 2, what is 11 + -11111000100100101011?
-11111000100100101000
In base 14, what is 332b + 758?
3a85
In base 7, what is 116 + 6164551?
6165000
In base 5, what is 2324204 - -42044?
2421303
In base 5, what is -100012241 - 140?
-100012431
In base 13, what is 421a67 + -45c?
421608
In base 13, what is 4 - 1c42c8c?
-1c42c88
In base 5, what is -10201141 + 32?
-10201104
In base 11, what is 4158 + 3139?
7296
In base 14, what is a756c + -13d?
a742d
I